{"id":27520,"date":"2024-10-04T14:48:45","date_gmt":"2024-10-04T14:48:45","guid":{"rendered":"https:\/\/www.tomatomonterosa.com\/coosur\/"},"modified":"2024-10-04T15:08:47","modified_gmt":"2024-10-04T15:08:47","slug":"coosur","status":"publish","type":"page","link":"https:\/\/www.tomatomonterosa.com\/ca\/coosur\/","title":{"rendered":"coosur"},"content":{"rendered":"\t\t<div data-elementor-type=\"wp-page\" data-elementor-id=\"27520\" class=\"elementor elementor-27520 elementor-25141\" data-elementor-post-type=\"page\">\n\t\t\t\t<div data-particle_enable=\"false\" data-particle-mobile-disabled=\"false\" class=\"elementor-element elementor-element-3582e6f e-con-full wd-section-stretch-content e-flex e-con e-parent\" data-id=\"3582e6f\" data-element_type=\"container\" data-settings=\"{&quot;background_background&quot;:&quot;classic&quot;}\">\n\t\t\t\t<\/div>\n\t\t<div data-particle_enable=\"false\" data-particle-mobile-disabled=\"false\" class=\"wd-negative-gap elementor-element elementor-element-00b1376 wd-section-stretch-content e-flex e-con-boxed e-con e-parent\" data-id=\"00b1376\" data-element_type=\"container\" data-settings=\"{&quot;background_background&quot;:&quot;classic&quot;}\">\n\t\t\t\t\t<div class=\"e-con-inner\">\n\t\t\t\t<div class=\"elementor-element elementor-element-0f7b7d6 elementor-widget__width-initial elementor-widget-mobile__width-inherit color-scheme-inherit text-left elementor-widget elementor-widget-text-editor\" data-id=\"0f7b7d6\" data-element_type=\"widget\" data-widget_type=\"text-editor.default\">\n\t\t\t\t<div class=\"elementor-widget-container\">\n\t\t\t\t\t\t\t\t\t<p>Coosur i Monterosa, dos referents del sector, han unit forces per oferir <strong>una experi\u00e8ncia \u00fanica de sabor i qualitat.<\/strong><\/p>\n<p>Aquesta col\u00b7laboraci\u00f3 combina la <strong>tradici\u00f3<\/strong> i el saber fer de Coosur, conegut pels seus <strong>olis d\u2019oliva<\/strong> d\u2019alta qualitat, amb la innovaci\u00f3 de Monterosa, fam\u00f3s per recuperar el <strong>tom\u00e0quet que t\u00e9 gust de tom\u00e0quet.<\/strong><\/p>\n<p>Junts, volen real\u00e7ar els matisos i la riquesa de la cuina mediterr\u00e0nia i crear sinergies que destaquen el millor de tots dos productes.<\/p>\n<p>Aquesta alian\u00e7a refor\u00e7a el seu comprom\u00eds amb l&#8217;excel\u00b7l\u00e8ncia gastron\u00f2mica i la sostenibilitat, i ofereix al consumidor una proposta culin\u00e0ria innovadora i aut\u00e8ntica.<\/p>\n\t\t\t\t\t\t\t\t<\/div>\n\t\t\t\t<\/div>\n\t\t\t\t\t<\/div>\n\t\t\t\t<\/div>\n\t\t<div data-particle_enable=\"false\" data-particle-mobile-disabled=\"false\" class=\"elementor-element elementor-element-a7bec33 e-con-full wd-section-stretch-content e-flex e-con e-parent\" data-id=\"a7bec33\" data-element_type=\"container\">\n\t\t<div data-particle_enable=\"false\" data-particle-mobile-disabled=\"false\" class=\"elementor-element elementor-element-b1b8106 e-con-full e-flex e-con e-child\" data-id=\"b1b8106\" data-element_type=\"container\">\n\t\t\t\t<div class=\"elementor-element elementor-element-a25e61f elementor-widget__width-initial elementor-widget-mobile__width-initial color-scheme-inherit text-left elementor-widget elementor-widget-text-editor\" data-id=\"a25e61f\" data-element_type=\"widget\" data-widget_type=\"text-editor.default\">\n\t\t\t\t<div class=\"elementor-widget-container\">\n\t\t\t\t\t\t\t\t\t<p>Si hi ha alguna cosa que mai no pot faltar en una cuina \u00e9s un bon tom\u00e0quet i un bon oli d&#8217;oliva.<\/p>\n<p>Paraules s\u00e0vies de l\u2019\u00e0via!<\/p>\n<p>Les aut\u00e8ntiques estrelles preparades per fer en tot moment de qualsevol menjar un plat ple de sabor i tradici\u00f3.<\/p>\n\t\t\t\t\t\t\t\t<\/div>\n\t\t\t\t<\/div>\n\t\t\t\t<\/div>\n\t\t<div data-particle_enable=\"false\" data-particle-mobile-disabled=\"false\" class=\"elementor-element elementor-element-c9116f2 e-con-full e-flex e-con e-child\" data-id=\"c9116f2\" data-element_type=\"container\" data-settings=\"{&quot;background_background&quot;:&quot;classic&quot;}\">\n\t\t\t\t<\/div>\n\t\t\t\t<\/div>\n\t\t\t\t<\/div>\n\t\t","protected":false},"excerpt":{"rendered":"<p>Coosur i Monterosa, dos referents del sector, han unit forces per oferir una experi\u00e8ncia \u00fanica de sabor i qualitat. Aquesta<\/p>\n","protected":false},"author":333,"featured_media":0,"parent":0,"menu_order":0,"comment_status":"closed","ping_status":"closed","template":"","meta":{"_acf_changed":false,"footnotes":""},"class_list":["post-27520","page","type-page","status-publish","hentry"],"acf":[],"_links":{"self":[{"href":"https:\/\/www.tomatomonterosa.com\/ca\/wp-json\/wp\/v2\/pages\/27520","targetHints":{"allow":["GET"]}}],"collection":[{"href":"https:\/\/www.tomatomonterosa.com\/ca\/wp-json\/wp\/v2\/pages"}],"about":[{"href":"https:\/\/www.tomatomonterosa.com\/ca\/wp-json\/wp\/v2\/types\/page"}],"author":[{"embeddable":true,"href":"https:\/\/www.tomatomonterosa.com\/ca\/wp-json\/wp\/v2\/users\/333"}],"replies":[{"embeddable":true,"href":"https:\/\/www.tomatomonterosa.com\/ca\/wp-json\/wp\/v2\/comments?post=27520"}],"version-history":[{"count":0,"href":"https:\/\/www.tomatomonterosa.com\/ca\/wp-json\/wp\/v2\/pages\/27520\/revisions"}],"wp:attachment":[{"href":"https:\/\/www.tomatomonterosa.com\/ca\/wp-json\/wp\/v2\/media?parent=27520"}],"curies":[{"name":"wp","href":"https:\/\/api.w.org\/{rel}","templated":true}]}}

<div data-elementor-type="wp-page" data-elementor-id="27520" class="elementor elementor-27520 elementor-25141" data-elementor-post-type="page">
				<div data-particle_enable="false" data-particle-mobile-disabled="false" class="elementor-element elementor-element-3582e6f e-con-full wd-section-stretch-content e-flex e-con e-parent" data-id="3582e6f" data-element_type="container" data-settings="{&quot;background_background&quot;:&quot;classic&quot;}">
				</div>
		<div data-particle_enable="false" data-particle-mobile-disabled="false" class="wd-negative-gap elementor-element elementor-element-00b1376 wd-section-stretch-content e-flex e-con-boxed e-con e-parent" data-id="00b1376" data-element_type="container" data-settings="{&quot;background_background&quot;:&quot;classic&quot;}">
					<div class="e-con-inner">
				<div class="elementor-element elementor-element-0f7b7d6 elementor-widget__width-initial elementor-widget-mobile__width-inherit color-scheme-inherit text-left elementor-widget elementor-widget-text-editor" data-id="0f7b7d6" data-element_type="widget" data-widget_type="text-editor.default">
				<div class="elementor-widget-container">
									<p>Coosur i Monterosa, dos referents del sector, han unit forces per oferir <strong>una experiència única de sabor i qualitat.</strong></p>
<p>Aquesta col·laboració combina la <strong>tradició</strong> i el saber fer de Coosur, conegut pels seus <strong>olis d’oliva</strong> d’alta qualitat, amb la innovació de Monterosa, famós per recuperar el <strong>tomàquet que té gust de tomàquet.</strong></p>
<p>Junts, volen realçar els matisos i la riquesa de la cuina mediterrània i crear sinergies que destaquen el millor de tots dos productes.</p>
<p>Aquesta aliança reforça el seu compromís amb l&#8217;excel·lència gastronòmica i la sostenibilitat, i ofereix al consumidor una proposta culinària innovadora i autèntica.</p>
								</div>
				</div>
					</div>
				</div>
		<div data-particle_enable="false" data-particle-mobile-disabled="false" class="elementor-element elementor-element-a7bec33 e-con-full wd-section-stretch-content e-flex e-con e-parent" data-id="a7bec33" data-element_type="container">
		<div data-particle_enable="false" data-particle-mobile-disabled="false" class="elementor-element elementor-element-b1b8106 e-con-full e-flex e-con e-child" data-id="b1b8106" data-element_type="container">
				<div class="elementor-element elementor-element-a25e61f elementor-widget__width-initial elementor-widget-mobile__width-initial color-scheme-inherit text-left elementor-widget elementor-widget-text-editor" data-id="a25e61f" data-element_type="widget" data-widget_type="text-editor.default">
				<div class="elementor-widget-container">
									<p>Si hi ha alguna cosa que mai no pot faltar en una cuina és un bon tomàquet i un bon oli d&#8217;oliva.</p>
<p>Paraules sàvies de l’àvia!</p>
<p>Les autèntiques estrelles preparades per fer en tot moment de qualsevol menjar un plat ple de sabor i tradició.</p>
								</div>
				</div>
				</div>
		<div data-particle_enable="false" data-particle-mobile-disabled="false" class="elementor-element elementor-element-c9116f2 e-con-full e-flex e-con e-child" data-id="c9116f2" data-element_type="container" data-settings="{&quot;background_background&quot;:&quot;classic&quot;}">
				</div>
				</div>
				</div>

<p>Coosur i Monterosa, dos referents del sector, han unit forces per oferir una experiència única de sabor i qualitat. Aquesta</p>
